71
List the prime factors of -1*(3 + 3)*-1.
2, 3
Let c = 1 - -1. Let w be (c/(-1))/(4/(-6)). Let x(t) = 2*t**3 - 3*t**2 - 3*t - 2. List the prime factors of x(w).
2
Let d = -12 - -19. List the prime factors of d.
7
Let r = 9 + -7. Let z be (3/6)/((-1)/(-120)). Suppose t + r*t = z. List the prime factors of t.
2, 5
Suppose -2*u = u - 27. What are the prime factors of 75/u + (-3)/9?
2
Let m = -4 + 10. Let u be 6/4*40/12. Suppose 0 = h + u*f + m, f + 15 = -4*f. List the prime factors of h.
3
Let n be 1*(-3 - -2)*-1. Let o = 3 - n. List the prime factors of o.
2
Let x = 8 - 13. Let d(a) = a**2 + 4*a + 3. What are the prime factors of d(x)?
2
Suppose -36 = -c + 3*y, -2*c = -3*c + y + 32. Let o be c/8 - 4/(-16). Suppose -o*t - 8 = -56. List the prime factors of t.
2, 3
Let j(g) = -123*g - 2. List the prime factors of j(-1).
11
Let q(z) = -z**3 + 5*z**2 - 2*z - 1. List the prime factors of q(2).
7
Let a(p) = 2*p**2. Let w be a(2). Let x = 106 + -66. Suppose 4*b = w*b - x. List the prime factors of b.
2, 5
Let l = -386 - -558. What are the prime factors of 1 - 3/((-12)/l)?
2, 11
Let x(d) be the third derivative of -d**4/24 - d**3/2 - d**2. Let y be x(-8). Suppose 0 = 4*m - y*m + 5. What are the prime factors of m?
5
Suppose -2*u + 3*u + 4 = -4*y, 0 = 3*y + u + 4. Let v be (-2 - (-3 + y))*-2. What are the prime factors of (-2)/v - (3 + -18)?
2
Let j(u) = u**2 - 1. Let q be j(0). Let l be q - (-1)/2*0. Let r(a) = -6*a**3 + 2*a + 1. What are the prime factors of r(l)?
5
List the prime factors of 1 + 1*24 - 4.
3, 7
List the prime factors of 3 - (-37*2)/1.
7, 11
Suppose 454 = 4*m + 5*f - 197, 5*f = 2*m - 333. Suppose -5*x = 2*p + 2*p - m, 5*p = 4*x - 123. What are the prime factors of x?
2
Let r(l) = -2*l**2 - 5*l - 9. Let x be r(-7). What are the prime factors of (x/(-30))/(6/40)?
2
List the prime factors of (454/6)/((-24)/(-72)).
227
Let i(l) be the second derivative of -l**5/20 - l**3/3 - l**2/2 + 2*l. List the prime factors of i(-1).
2
Let t(h) = 2*h - 2*h - h + 2. What are the prime factors of t(-3)?
5
Let j be (11 - 3)/1*-1. Let f = 27 + j. List the prime factors of f.
19
Let k = 3 - 4. Let r be (1*(-1 + -4))/k. Suppose r*s - s = 24. What are the prime factors of s?
2, 3
Suppose 0*y - 3*r + 42 = -2*y, -2*y = 2*r + 22. Let h = -12 - y. List the prime factors of h.
3
Suppose 2*r + 3*r + 10 = 0. Let n(j) = j. Let i(o) = -7*o - 3. Let x(t) = i(t) - n(t). What are the prime factors of x(r)?
13
Let g = -31 - -51. Suppose -5*p + 4*f = -36, 7*p - 3*p - g = f. Suppose -o + 2 + p = 0. List the prime factors of o.
2, 3
Let p = -1 + 5. List the prime factors of (5/4 - -2)*p.
13
Suppose -3*y - 5 + 29 = -5*k, -5*y - 5*k = 0. Let o = 12 - 3. Suppose -o - 12 = -y*v. What are the prime factors of v?
7
Let x(u) = 9*u**2 + 14*u + 11. Let q(p) = 13*p**2 + 21*p + 16. Let y(n) = 5*q(n) - 7*x(n). List the prime factors of y(-6).
3, 11
Suppose -5*q = -q - 8. Let o = -2 + q. Suppose o = 2*w - 1 - 9, 3*p - w - 16 = 0. What are the prime factors of p?
7
Suppose 0 = -s + 4*s - 6. Let n = 10 + -3. Suppose -i - n = -2*v, v - 2*v + s*i = -8. What are the prime factors of v?
2
Let i be (-6 + 12/4)/(-1). Let h be 23/7 + 2/(-7). Suppose 6 = 5*y - i*s, -h*y - 3*s = 2*y - 24. What are the prime factors of y?
3
Suppose 2*r = 83 + 325. What are the prime factors of r?
2, 3, 17
What are the prime factors of 0 - -145*(2 - 1)?
5, 29
List the prime factors of 130/18 - 20/90.
7
Let o(b) = 3*b**2 - 3*b + 3. Let y be 1 + 0 + 6/2. List the prime factors of o(y).
3, 13
Suppose 156 = 5*c + c. What are the prime factors of c?
2, 13
Let k be (1 - 2) + 8 - -1. Suppose l - k = -l. What are the prime factors of l?
2
Suppose 0 = 5*a - 5*c - 9 - 21, 5*a + c = 30. Suppose 8 = -2*r, d + 3*r + 122 = a*d. What are the prime factors of d?
2, 11
Suppose 0 = -3*j - 4*z - 14, 0 = -3*j - 0*j + z + 11. Let b = j + 6. List the prime factors of b.
2
What are the prime factors of (2 + -14)*(-2 + 74/(-4))?
2, 3, 41
Let l = -198 + 293. List the prime factors of l.
5, 19
Suppose 2*c = 4*c - 78. List the prime factors of c.
3, 13
Suppose -3*o = -0*o. Let l be (o/(-3))/((-1)/1). Suppose -4*u + 3*r + l*r = -47, 21 = 2*u + r. What are the prime factors of u?
11
Let q = -47 - -6. Let u = q - -71. What are the prime factors of u?
2, 3, 5
Suppose 85 = 3*v - v - 5*m, 145 = 5*v + m. List the prime factors of v.
2, 3, 5
Suppose -2*x = 3*r + 3*x + 86, -102 = 5*r - 2*x. List the prime factors of 0 + (-5 - -3) - r.
2, 5
Suppose -5*m + 37 = 177. Let k = m - -67. List the prime factors of k.
3, 13
Let b = 8 - -2. List the prime factors of (2 - 16/10)*b.
2
Suppose -13 - 1 = -3*p + n, p = -4*n + 9. Suppose 3*f + 4*o = 6, 3*o = -p*f - 6 + 16. List the prime factors of f.
2
Let i = 11 - 4. Let t = i - -1. Suppose 5*w + 5*m = 72 + t, 55 = 4*w + m. What are the prime factors of w?
13
Let m(c) = -3*c**2 + 8. Let h(l) = -5*l**2 + 15. Let b(w) = 6*h(w) - 11*m(w). List the prime factors of b(-3).
29
Let l(m) be the second derivative of -m**4/12 + m**3 - 3*m**2/2 - m. Let s be l(5). Suppose 3*j - h = s*h + 21, -2*j = 4*h - 14. List the prime factors of j.
7
Let k(p) = -p**3 + 11*p**2 - 11*p - 10. List the prime factors of k(9).
53
Let c(d) = -24*d + 16. What are the prime factors of c(-7)?
2, 23
Let c = 153 - 106. List the prime factors of c.
47
Let c be (88/(-6))/((-2)/6). Suppose -6 = 4*q - 14. Suppose 0*b + c = q*b. What are the prime factors of b?
2, 11
Suppose -67*m + 72 = -66*m. List the prime factors of m.
2, 3
What are the prime factors of 1 - (3 - -2) - (-205 + 6)?
3, 5, 13
Suppose -f = -38 + 10. Let v = 54 - 39. Let o = f - v. List the prime factors of o.
13
Let r(y) = 15*y**3 - 2*y**2 + 2*y - 1. Let w be r(1). Let t = -21 + w. What are the prime factors of (0/(-1) - t)*1?
7
Suppose 5*m - 3*m = 34. List the prime factors of m.
17
Suppose -2*t + 1 = -3. Suppose 3*v + t*j = 34, 5*j = -v - 0*v - 6. List the prime factors of v.
2, 7
Let w be (-125)/20 - (-1)/4. List the prime factors of (4/w)/(4/(-30)).
5
Let x(c) = -c**2 + 13*c + 11. What are the prime factors of x(11)?
3, 11
Let f(t) = 2*t**3 - 3*t + 1. Let l = 6 + -4. Suppose -l*c - 2*c + 8 = 0. List the prime factors of f(c).
11
List the prime factors of (1 + -4 - 0)/((-2)/74).
3, 37
Suppose 0 = -5*a + l + 19 + 3, -l = 4*a - 14. Suppose j - 22 = -0*j + 5*x, 3*j = 2*x + 27. Let n = j + a. What are the prime factors of n?
11
Let v = -10 + 12. What are the prime factors of ((-8)/(-12))/(v/39)?
13
Let d(f) be the first derivative of -3*f**2 - 7*f - 2. Let c be d(5). Let x = -25 - c. What are the prime factors of x?
2, 3
Suppose -2*g = -0*q + 3*q + 28, -5*g - 25 = 0. Let j be (-5 + 2)/((-9)/(-12)). What are the prime factors of (9/j)/(q/16)?
2, 3
Let z = -6 - -15. Let a = z + 7. List the prime factors of a.
2
What are the prime factors of (-3)/(3 + -6) - -44?
3, 5
Let h(a) = a + 9. Let k be h(-5). List the prime factors of (7/2)/(2/k).
7
Let h be 1492/(-22) - 2/11. Let k = 104 + h. What are the prime factors of k/16 + 1/(-4)?
2
Let h(g) = g**2 - g - 8. List the prime factors of h(7).
2, 17
What are the prime factors of 6/18 - (-62)/3?
3, 7
Let o be ((-2)/(-4) - 0)*10. Suppose 0 = o*k - 8*k + 6. List the prime factors of k.
2
Let q(j) = j**3 - 4*j**2 - 6*j + 11. Let a be q(5). Let l(t) = t**2 - 7. List the prime factors of l(a).
29
Let w be 66/2 + 0 + 1. Suppose -z + 2*z = -w. Let j = -20 - z. List the prime factors of j.
2, 7
Let u = -8 - -16. Let o = 36 - u. List the prime factors of o.
2, 7
Let d(h) = -h**2 + 6*h - 5. Let s be d(5). Suppose 3*z - 15 = s, 2*g - 5*z = -3*g + 50. List the prime factors of g.
3, 5
Let w = -3 - -4. Suppose -o = w - 2. Suppose -5*r + 41 - o = 0. What are the prime factors of r?
2
Suppose -5*w = y - 187, -7*w + 197 = y - 4*w. What are the prime factors of y?
2, 53
Let t = 74 + -23. What are the prime factors of t?
3, 17
Suppose -5*d - 12 = -d. What are the prime factors of d - 4*(-7 + 3)?
13
Let g(w) = 22*w - 79. List the prime factors of g(12).
5, 37
Let o = 20 - 6. Let b be 2*-1 + (-36)/(-6). Suppose b*p - 14 = o. List the prime factors of p.
7
Suppose 3*y = -5*y + 168. Suppose -2*b - y = -5*b. List the prime factors of b.
7
Let j(p) be the second derivative of -p**4/12 - 7*p**3/6 - 3*p**2 + 2*p. Let b be j(-6). Suppose 7*i - 2*i - 10 = b. List the prime 